ase 9) to base 7
54231424
-1450005 (base 6) to base 12
-40905
Convert -13270610 (base 9) to base 11.
-3768a62
What is 237cc9 (base 16) in base 10?
2325705
What is 10350547 (base 9) in base 11?
2900657
-426384a (base 11) to base 9
-15102644
b18823 (base 12) to base 16
2a4f9b
What is 3132265 (base 10) in base 2?
1011111100101101101001
What is -30641333 (base 7) in base 11?
-150364a
What is -21511446 (base 8) in base 2?
-10001101001001100100110
-11000000011101101110101 (base 2) to base 15
-8489a2
Convert -3607510 (base 10) to base 7.
-42443344
Convert -66450 (base 11) to base 3.
-11220012022
Convert -2045727 (base 13) to base 16.
-953b5f
Convert -410204404 (base 6) to base 16.
-6b0a34
What is 3352511 (base 6) in base 4?
221212123
What is 100011001001000010111 (base 2) in base 3?
2011111120120
Convert 264601 (base 10) to base 11.
170887
Convert -5342523 (base 6) to base 9.
-438866
Convert -184eb (base 16) to base 14.
-283d9
115424404 (base 6) to base 12
8b5104
Convert 122150215 (base 7) to base 8.
35220313
Convert 3423754 (base 8) to base 16.
e27ec
What is 69695 (base 10) in base 11?
483aa
-1001020310 (base 4) to base 16
-41234
Convert -31320321 (base 4) to base 10.
-56889
322213030 (base 4) to base 3
110012022201
What is 2220200 (base 3) in base 5?
31444
-142554015 (base 6) to base 15
-3d0bc2
Convert 141455 (base 6) to base 3.
200022122
Convert -166c70 (base 14) to base 11.
-498508
3024530 (base 8) to base 2
11000010100101011000
40623 (base 16) to base 15
53210
Convert 11108171 (base 9) to base 11.
3044717
What is -214133201 (base 5) in base 6?
-31513021
327050 (base 13) to base 3
2020021111102
2170a2 (base 13) to base 10
786658
28aac (base 15) to base 10
130662
Convert -201120003 (base 4) to base 9.
-227466
22248800 (base 9) to base 14
1608626
-1013334303 (base 6) to base 15
-dcdb46
What is -87233 (base 14) in base 10?
-326973
Convert 14014074 (base 8) to base 2.
1100000001100000111100
1664004 (base 10) to base 4
12112100010
What is -100411653 (base 7) in base 4?
-112100211201
-530471 (base 11) to base 3
-1121011121212
Convert -322b0 (base 12) to base 13.
-24105
Convert 176ed8 (base 16) to base 10.
1535704
Convert -a5064 (base 11) to base 3.
-21210001200
Convert 3bb09b (base 16) to base 7.
45151524
What is 11110110101001000 (base 2) in base 9?
212201
What is -a067b (base 14) in base 2?
-1011110000110100101
Convert -225565 (base 8) to base 7.
-436334
-254174 (base 16) to base 8
-11240564
What is -7402656 (base 8) in base 6?
-110100542
What is 572676 (base 8) in base 3?
100212002112
What is a173 (base 15) in base 12?
17883
163361 (base 7) to base 6
410052
Convert 21137670 (base 9) to base 8.
46656203
173488b (base 12) to base 15
64ba42
Convert 2a9469a (base 11) to base 2.
10100001011111000101000
-204389 (base 10) to base 16
-31e65
Convert 1211102212120 (base 3) to base 8.
3554502
What is 239673 (base 10) in base 15?
4b033
-7220626 (base 9) to base 10
-3851817
Convert -26980 (base 14) to base 7.
-544320
Convert -6abd6 (base 16) to base 5.
-102442311
-136015 (base 8) to base 7
-260232
What is 120001221100 (base 3) in base 7?
2343615
Convert -72720 (base 10) to base 6.
-1320400
Convert -1196480 (base 11) to base 15.
-2ae30e
Convert 111101110011001011111000 (base 2) to base 16.
f732f8
-5ed736 (base 15) to base 14
-866806
Convert -1111101111110110 (base 2) to base 6.
-1214342
Convert 4a5cef (base 16) to base 5.
2221422310
What is -469300 (base 10) in base 16?
-72934
What is -17d5a5 (base 14) in base 11?
-526839
Convert -52757347 (base 8) to base 9.
-23166823
Convert -6d5c (base 16) to base 7.
-144423
Convert 6778924 (base 10) to base 8.
31670054
What is 819b1 (base 14) in base 9?
524866
What is 162671 (base 10) in base 11?
101243
Convert 356276 (base 8) to base 10.
122046
Convert -1020416 (base 8) to base 7.
-2204640
What is 2471242 (base 9) in base 10?
1345934
What is -55b39 (base 13) in base 8?
-460061
Convert -615db (base 15) to base 11.
-1a0825
What is -802d2 (base 15) in base 9?
-677388
-38bc3 (base 14) to base 16
-22107
Convert 84066 (base 9) to base 2.
1101100010101000
-356574 (base 8) to base 13
-4383a
What is 699c3 (base 15) in base 14?
8a7db
2736755 (base 8) to base 15
103012
What is 967801 (base 10) in base 9?
1734514
What is 2345 (base 10) in base 7?
6560
2022012002 (base 3) to base 12
2229b
What is 111102221020 (base 3) in base 9?
442836
Convert 96a71 (base 12) to base 7.
1454524
What is 19538a9 (base 13) in base 8?
37570545
-10021221221202 (base 3) to base 7
-20612012
22651466 (base 7) to base 9
3671665
-1431023 (base 5) to base 16
-75ba
222600 (base 7) to base 8
114744
Convert -90d4e (base 15) to base 16.
-6ff80
What is -141202052 (base 6) in base 2?
-1010111010101111010000
-2921961 (base 10) to base 3
-12111110011210
Convert 4bf17 (base 16) to base 4.
1023330113
-1872550 (base 13) to base 16
-7a1b50
Convert 59856 (base 11) to base 3.
11101021002
Convert 1002212202012 (base 3) to base 4.
2033211113
What is -557677 (base 10) in base 9?
-1038881
Convert a15a5a0 (base 11) to base 7.
305455601
What is 22265a (base 13) in base 12?
329b73
-110102000021 (base 3) to base 5
-30303342
Convert -120011222111 (base 3) to base 4.
-1020331330
222100102100102 (base 3) to base 2
110101011010101011000110
Convert -101101011010001101000 (base 2) to base 6.
-51520440
Convert -10002223330 (base 4) to base 6.
-34413244
-13552625 (base 9) to base 3
-110121202200212
Convert 19026 (base 10) to base 9.
28080
What is 22544240 (base 6) in base 16?
aa760
-11100000010100001 (base 2) to base 10
-114849
110111101010110 (base 2) to base 13
cc86
What is 463021 (base 9) in base 8?
1036410
168923 (base 10) to base 16
293db
What is -2bd7ab (base 15) in base 12?
-863698
Convert 289828 (base 10) to base 5.
33233303
8024c9 (base 16) to base 10
8398025
Convert -7174d0 (base 16) to base 9.
-14882485
1002220001202211 (base 3) to base 6
1324251504
-34125222 (base 6) to base 13
-2a45a7
What is -1023133120 (base 4) in base 5?
-34343313
What is 5c368 (base 14) in base 16?
37198
What is 522 (base 6) in base 2?
11000010
What is 102200010220 (base 4) in base 5?
2220144320
What is -337534 (base 11) in base 7?
-4364462
What is 15a58b (base 14) in base 5?
143232242
What is 600a8 (base 12) in base 6?
2400332
What is 11210131 (base 6) in base 9?
573161
Convert -22145413 (base 9) to base 14.
-15d0022
What is -58564 (base 14) in base 5?
-23340400
91a02c (base 16) to base 2
100100011010000000101100
-12123011201 (base 4) to base 5
-412340214
What is -12222200001210 (base 3) in base 12?
-1095619
Convert -2a8c0 (base 15) to base 9.
-227810
What is -6a5 (base 11) in base 7?
-2311
What is -493d19 (base 15) in base 10?
-3506199
Convert b5ede0 (base 16) to base 12.
3baba00
420331 (base 6) to base 7
200416
-57613 (base 8) to base 5
-1240314
-9c99a (base 13) to base 8
-1054605
555c5 (base 14) to base 2
110010100001101001
Convert 397980 (base 12) to base 11.
597223
What is -4414052 (base 8) in base 6?
-41225550
What is 1070092 (base 10) in base 3?
2000100220001
10136 (base 13) to base 12
1479b
145a2 (base 15) to base 4
33331322
What is 1011010000010101011100 (base 2) in base 5?
1223403432
1d0940 (base 14) to base 15
157d02
What is -110421060 (base 7) in base 12?
-2292733
-1000020102100 (base 3) to base 13
-15a041
Convert 1220221010101 (base 3) to base 2.
11111001100011000101
Convert -10111100010001011000011 (base 2) to base 10.
-6169283
-121100011 (base 3) to base 15
-37e1
Convert -422654 (base 9) to base 10.
-251311
Convert 213343 (base 5) to base 15.
229d
Convert -41a05 (base 13) to base 6.
-2310532
441321 (base 9) to base 7
2145010
What is 4162240 (base 7) in base 11?
313699
Convert -12220220102 (base 3) to base 8.
-343532
1356244 (base 10) to base 11
846a6a
15d24 (base 16) to base 11
61175
Convert 12234311 (base 5) to base 10.
118081
What is -130133121 (base 4) in base 5?
-12213242
Convert -1101012122021 (base 3) to base 2.
-10110010110011011110
What is -644051 (base 7) in base 4?
-123103232
4022420 (base 6) to base 12
91a10
Convert -2c66b6 (base 15) to base 14.
-3dcb41
-225222 (base 8) to base 12
-38296
Convert -39162a (base 11) to base 13.
-187ac5
Convert -792d91 (base 14) to base 3.
-21202020202112
Convert -4b1812 (base 12) to base 14.
-23cca2
What is 144340422 (base 5) in base 11?
491260
1010